{"id":315,"date":"2021-03-18T01:04:18","date_gmt":"2021-03-18T04:04:18","guid":{"rendered":"https:\/\/territorioslivres.intervozes.org.br\/?page_id=315"},"modified":"2021-07-14T17:44:06","modified_gmt":"2021-07-14T20:44:06","slug":"formacao","status":"publish","type":"page","link":"https:\/\/territorioslivres.intervozes.org.br\/?page_id=315","title":{"rendered":"Forma\u00e7\u00e3o"},"content":{"rendered":"<p>[vc_row css_animation=&#8221;&#8221; row_type=&#8221;row&#8221; use_row_as_full_screen_section=&#8221;no&#8221; type=&#8221;grid&#8221; angled_section=&#8221;no&#8221; text_align=&#8221;left&#8221; background_image_as_pattern=&#8221;without_pattern&#8221; anchor=&#8221;About&#8221; background_image=&#8221;http:\/\/territorioslivres.intervozes.org.br\/wp-content\/uploads\/2021\/03\/Banners-Home.png&#8221; padding_top=&#8221;153&#8243; z_index=&#8221;&#8221; css=&#8221;.vc_custom_1616694831314{background-image: url(http:\/\/territorioslivres.intervozes.org.br\/wp-content\/uploads\/2021\/03\/BANNER-02.png?id=361) !important;background-position: center !important;background-repeat: no-repeat !important;background-size: contain !important;}&#8221;][vc_column width=&#8221;1\/4&#8243;][\/vc_column][vc_column width=&#8221;1\/2&#8243;][vc_empty_space height=&#8221;100px&#8221;][vc_column_text]<\/p>\n<h1 style=\"text-align: center;\"><span style=\"color: #ffffff;\">Forma\u00e7\u00e3o<\/span><\/h1>\n<p>[\/vc_column_text][vc_empty_space height=&#8221;180px&#8221;][\/vc_column][vc_column width=&#8221;1\/4&#8243;][\/vc_column][\/vc_row][vc_row css_animation=&#8221;&#8221; row_type=&#8221;row&#8221; use_row_as_full_screen_section=&#8221;no&#8221; type=&#8221;grid&#8221; angled_section=&#8221;no&#8221; text_align=&#8221;center&#8221; background_image_as_pattern=&#8221;without_pattern&#8221; row_negative_margin=&#8221;disable_negative_margin&#8221; anchor=&#8221;Home&#8221; padding_top=&#8221;15&#8243; z_index=&#8221;&#8221; css=&#8221;.vc_custom_1626192886120{margin-right: 150px !important;margin-left: 150px !important;padding-top: 50px !important;}&#8221;][vc_column width=&#8221;1\/4&#8243;][\/vc_column][vc_column width=&#8221;1\/2&#8243; css=&#8221;.vc_custom_1595211048359{margin-right: 100px !important;}&#8221;][vc_column_text css=&#8221;.vc_custom_1626295434771{padding-bottom: 30px !important;}&#8221;]<\/p>\n<h6 style=\"text-align: justify;\">Uma das a\u00e7\u00f5es do projeto Territ\u00f3rios Livres, Tecnologias Livres foi o Ciclo de Forma\u00e7\u00e3o que reuniu moradoras\/es dos territ\u00f3rios tradicionais, pesquisadoras vinculadas a essas comunidades e especialistas sobre temas como tecnologias ancestrais, redes comunit\u00e1rias de internet e pol\u00edticas de acesso \u00e0 internet e TICs no Brasil.<\/h6>\n<p>&nbsp;<\/p>\n<h6 style=\"text-align: justify;\"><strong>Confira abaixo um v\u00eddeo-resumo e as sistematiza\u00e7\u00f5es gr\u00e1ficas das atividade<\/strong><\/h6>\n<p>[\/vc_column_text][vc_empty_space height=&#8221;50px&#8221;]<div class=\"qode_video_box disabled_hover_overlay\">\n\t<a itemprop=\"image\" class=\"qode_video_image\" href=\"https:\/\/www.youtube.com\/watch?v=_WPxpVwCzdg\" data-rel=\"prettyPhoto\">\n\t\t\t\n\t\t\t<img decoding=\"async\" src=\"https:\/\/territorioslivres.intervozes.org.br\/wp-content\/uploads\/2021\/03\/Banners-Home-TERRITORIOS.png\" \/>\n\t\t\t<span class=\"qode_video_box_button_holder\">\n\t\t\t\t<span class=\"qode_video_box_button\">\n\t\t\t\t\t<span class=\"qode_video_box_button_arrow\">\n\t\t\t\t\t<\/span>\n\t\t\t\t<\/span>\n\t\t\t<\/span>\n\t\t\t<\/a>\n<\/div>[\/vc_column][vc_column width=&#8221;1\/4&#8243;][\/vc_column][\/vc_row][vc_row css_animation=&#8221;&#8221; row_type=&#8221;row&#8221; use_row_as_full_screen_section=&#8221;no&#8221; type=&#8221;grid&#8221; angled_section=&#8221;no&#8221; text_align=&#8221;center&#8221; background_image_as_pattern=&#8221;without_pattern&#8221; row_negative_margin=&#8221;disable_negative_margin&#8221; anchor=&#8221;Home&#8221; padding_top=&#8221;15&#8243; z_index=&#8221;&#8221; css=&#8221;.vc_custom_1595211109081{margin-right: 150px !important;margin-left: 150px !important;padding-top: 150px !important;}&#8221;][vc_column width=&#8221;1\/4&#8243;][\/vc_column][vc_column width=&#8221;1\/2&#8243; css=&#8221;.vc_custom_1595211048359{margin-right: 100px !important;}&#8221;][vc_column_text]<\/p>\n<h1 style=\"text-align: left;\">Relatorias Gr\u00e1ficas<\/h1>\n<p>[\/vc_column_text][vc_empty_space height=&#8221;50px&#8221;][vc_column_text css=&#8221;.vc_custom_1619560910225{padding-bottom: 30px !important;}&#8221;]<\/p>\n<h2 style=\"text-align: left;\">01.&#8221;Tecnologias livres, Territ\u00f3rios Livres\u201d: experi\u00eancias e metodologias relacionadas a mapeamentos, territ\u00f3rios e internet<\/h2>\n<p>[\/vc_column_text][vc_single_image image=&#8221;326&#8243; img_size=&#8221;full&#8221; onclick=&#8221;img_link_large&#8221; img_link_target=&#8221;_blank&#8221; qode_css_animation=&#8221;&#8221;][vc_column_text css=&#8221;.vc_custom_1617210449156{padding-top: 15px !important;padding-bottom: 15px !important;}&#8221;]<\/p>\n<p style=\"text-align: left;\">Sistematiza\u00e7\u00e3o gr\u00e1fica da atividade 01<\/p>\n<p>[\/vc_column_text][\/vc_column][vc_column width=&#8221;1\/4&#8243;][\/vc_column][\/vc_row][vc_row css_animation=&#8221;&#8221; row_type=&#8221;row&#8221; use_row_as_full_screen_section=&#8221;no&#8221; type=&#8221;grid&#8221; angled_section=&#8221;no&#8221; text_align=&#8221;center&#8221; background_image_as_pattern=&#8221;without_pattern&#8221; row_negative_margin=&#8221;disable_negative_margin&#8221; anchor=&#8221;Home&#8221; padding_top=&#8221;15&#8243; z_index=&#8221;&#8221; css=&#8221;.vc_custom_1595211109081{margin-right: 150px !important;margin-left: 150px !important;padding-top: 150px !important;}&#8221;][vc_column width=&#8221;1\/4&#8243;][\/vc_column][vc_column width=&#8221;1\/2&#8243; css=&#8221;.vc_custom_1595211048359{margin-right: 100px !important;}&#8221;][vc_column_text css=&#8221;.vc_custom_1617210565996{padding-bottom: 30px !important;}&#8221;]<\/p>\n<h2 style=\"text-align: left;\">02. Se for, v\u00e1 na paz: metodologias populares em tempos de pandemia<\/h2>\n<p>[\/vc_column_text][vc_single_image image=&#8221;380&#8243; img_size=&#8221;full&#8221; onclick=&#8221;img_link_large&#8221; img_link_target=&#8221;_blank&#8221; qode_css_animation=&#8221;&#8221;][vc_column_text css=&#8221;.vc_custom_1617210536350{padding-top: 15px !important;padding-bottom: 15px !important;}&#8221;]<\/p>\n<p style=\"text-align: left;\">Sistematiza\u00e7\u00e3o gr\u00e1fica da atividade 02<\/p>\n<p>[\/vc_column_text][\/vc_column][vc_column width=&#8221;1\/4&#8243;][\/vc_column][\/vc_row][vc_row css_animation=&#8221;&#8221; row_type=&#8221;row&#8221; use_row_as_full_screen_section=&#8221;no&#8221; type=&#8221;grid&#8221; angled_section=&#8221;no&#8221; text_align=&#8221;center&#8221; background_image_as_pattern=&#8221;without_pattern&#8221; row_negative_margin=&#8221;disable_negative_margin&#8221; anchor=&#8221;Home&#8221; padding_top=&#8221;15&#8243; z_index=&#8221;&#8221; css=&#8221;.vc_custom_1595211109081{margin-right: 150px !important;margin-left: 150px !important;padding-top: 150px !important;}&#8221;][vc_column width=&#8221;1\/4&#8243;][\/vc_column][vc_column width=&#8221;1\/2&#8243; css=&#8221;.vc_custom_1595211048359{margin-right: 100px !important;}&#8221;][vc_column_text css=&#8221;.vc_custom_1617210747772{padding-bottom: 30px !important;}&#8221;]<\/p>\n<h2 style=\"text-align: left;\">03. Redes Comunit\u00e1rias de internet: o que s\u00e3o e como \u00e9 poss\u00edvel constru\u00ed-las?<\/h2>\n<p>[\/vc_column_text][vc_single_image image=&#8221;381&#8243; img_size=&#8221;full&#8221; onclick=&#8221;img_link_large&#8221; img_link_target=&#8221;_blank&#8221; qode_css_animation=&#8221;&#8221;][vc_column_text css=&#8221;.vc_custom_1617210753997{padding-top: 15px !important;padding-bottom: 15px !important;}&#8221;]<\/p>\n<p style=\"text-align: left;\">Sistematiza\u00e7\u00e3o gr\u00e1fica da atividade 03<\/p>\n<p>[\/vc_column_text][\/vc_column][vc_column width=&#8221;1\/4&#8243;][\/vc_column][\/vc_row][vc_row css_animation=&#8221;&#8221; row_type=&#8221;row&#8221; use_row_as_full_screen_section=&#8221;no&#8221; type=&#8221;grid&#8221; angled_section=&#8221;no&#8221; text_align=&#8221;center&#8221; background_image_as_pattern=&#8221;without_pattern&#8221; row_negative_margin=&#8221;disable_negative_margin&#8221; anchor=&#8221;Home&#8221; padding_top=&#8221;15&#8243; z_index=&#8221;&#8221; css=&#8221;.vc_custom_1595211109081{margin-right: 150px !important;margin-left: 150px !important;padding-top: 150px !important;}&#8221;][vc_column width=&#8221;1\/4&#8243;][\/vc_column][vc_column width=&#8221;1\/2&#8243; css=&#8221;.vc_custom_1595211048359{margin-right: 100px !important;}&#8221;][vc_column_text css=&#8221;.vc_custom_1619561036501{padding-bottom: 30px !important;}&#8221;]<\/p>\n<h2 style=\"text-align: left;\">04. Entre o Ancestral e o Digital: o que queremos ou n\u00e3o transformar com a tecnologia<b><\/b><\/h2>\n<p>[\/vc_column_text][vc_single_image image=&#8221;416&#8243; img_size=&#8221;full&#8221; onclick=&#8221;img_link_large&#8221; img_link_target=&#8221;_blank&#8221; qode_css_animation=&#8221;&#8221;][vc_column_text css=&#8221;.vc_custom_1617482095303{padding-top: 15px !important;padding-bottom: 15px !important;}&#8221;]<\/p>\n<p style=\"text-align: left;\">Sistematiza\u00e7\u00e3o gr\u00e1fica da atividade 04<\/p>\n<p>[\/vc_column_text][\/vc_column][vc_column width=&#8221;1\/4&#8243;][\/vc_column][\/vc_row][vc_row css_animation=&#8221;&#8221; row_type=&#8221;row&#8221; use_row_as_full_screen_section=&#8221;no&#8221; type=&#8221;grid&#8221; angled_section=&#8221;no&#8221; text_align=&#8221;center&#8221; background_image_as_pattern=&#8221;without_pattern&#8221; row_negative_margin=&#8221;disable_negative_margin&#8221; anchor=&#8221;Home&#8221; padding_top=&#8221;15&#8243; z_index=&#8221;&#8221; css=&#8221;.vc_custom_1595211109081{margin-right: 150px !important;margin-left: 150px !important;padding-top: 150px !important;}&#8221;][vc_column width=&#8221;1\/4&#8243;][\/vc_column][vc_column width=&#8221;1\/2&#8243; css=&#8221;.vc_custom_1595211048359{margin-right: 100px !important;}&#8221;][vc_column_text css=&#8221;.vc_custom_1620673615581{padding-bottom: 30px !important;}&#8221;]<\/p>\n<h2 style=\"text-align: left;\">05 . Comunica\u00e7\u00e3o e Territ\u00f3rio:Pol\u00edticas p\u00fablicas de acesso e uso das TICs e v\u00eddeo como prova deviola\u00e7\u00f5es de direitos.<b><\/b><\/h2>\n<p>[\/vc_column_text][vc_single_image image=&#8221;443&#8243; img_size=&#8221;full&#8221; onclick=&#8221;img_link_large&#8221; img_link_target=&#8221;_blank&#8221; qode_css_animation=&#8221;&#8221;][vc_column_text css=&#8221;.vc_custom_1620673630164{padding-top: 15px !important;padding-bottom: 15px !important;}&#8221;]<\/p>\n<p style=\"text-align: left;\">Sistematiza\u00e7\u00e3o gr\u00e1fica da atividade 05<\/p>\n<p>[\/vc_column_text][\/vc_column][vc_column width=&#8221;1\/4&#8243;][\/vc_column][\/vc_row][vc_row css_animation=&#8221;&#8221; row_type=&#8221;row&#8221; use_row_as_full_screen_section=&#8221;no&#8221; type=&#8221;grid&#8221; angled_section=&#8221;no&#8221; text_align=&#8221;center&#8221; background_image_as_pattern=&#8221;without_pattern&#8221; row_negative_margin=&#8221;disable_negative_margin&#8221; anchor=&#8221;Home&#8221; padding_top=&#8221;15&#8243; z_index=&#8221;&#8221; css=&#8221;.vc_custom_1595211109081{margin-right: 150px !important;margin-left: 150px !important;padding-top: 150px !important;}&#8221;][vc_column width=&#8221;1\/4&#8243;][\/vc_column][vc_column width=&#8221;1\/2&#8243; css=&#8221;.vc_custom_1595211048359{margin-right: 100px !important;}&#8221;][vc_column_text css=&#8221;.vc_custom_1620673665318{padding-bottom: 30px !important;}&#8221;]<\/p>\n<h2 style=\"text-align: left;\">06 . Tecnologias, Mulheres eTerrit\u00f3rio: quais modelos de tecnologia e internet s\u00e3o poss\u00edveis para asmulheres e a autodetermina\u00e7\u00e3o dos povos tradicionais?<b><\/b><\/h2>\n<p>[\/vc_column_text][vc_single_image image=&#8221;441&#8243; img_size=&#8221;full&#8221; onclick=&#8221;img_link_large&#8221; img_link_target=&#8221;_blank&#8221; qode_css_animation=&#8221;&#8221;][vc_column_text css=&#8221;.vc_custom_1620674238149{padding-top: 15px !important;padding-bottom: 15px !important;}&#8221;]<\/p>\n<p style=\"text-align: left;\">Sistematiza\u00e7\u00e3o gr\u00e1fica da atividade 06<\/p>\n<p>[\/vc_column_text][\/vc_column][vc_column width=&#8221;1\/4&#8243;][\/vc_column][\/vc_row][vc_row css_animation=&#8221;&#8221; row_type=&#8221;row&#8221; use_row_as_full_screen_section=&#8221;no&#8221; type=&#8221;grid&#8221; in_content_menu=&#8221;in_content_menu&#8221; content_menu_icon=&#8221;&#8221; angled_section=&#8221;no&#8221; text_align=&#8221;left&#8221; background_image_as_pattern=&#8221;without_pattern&#8221; row_negative_margin=&#8221;disable_negative_margin&#8221; z_index=&#8221;&#8221; css=&#8221;.vc_custom_1595134479527{padding-right: 180px !important;padding-bottom: 20px !important;padding-left: 100px !important;}&#8221; content_menu_title=&#8221;Linha1&#8243;][vc_column css=&#8221;.vc_custom_1594627303930{margin-top: -6% !important;}&#8221;][vc_empty_space][vc_empty_space][\/vc_column][\/vc_row][vc_row css_animation=&#8221;&#8221; row_type=&#8221;row&#8221; use_row_as_full_screen_section=&#8221;no&#8221; type=&#8221;full_width&#8221; angled_section=&#8221;no&#8221; text_align=&#8221;left&#8221; background_image_as_pattern=&#8221;without_pattern&#8221;][vc_column][vc_empty_space height=&#8221;50px&#8221;][vc_empty_space height=&#8221;50px&#8221;][\/vc_column][\/vc_row][vc_row css_animation=&#8221;&#8221; row_type=&#8221;row&#8221; use_row_as_full_screen_section=&#8221;no&#8221; type=&#8221;full_width&#8221; angled_section=&#8221;no&#8221; text_align=&#8221;left&#8221; background_image_as_pattern=&#8221;without_pattern&#8221;][vc_column]<div class=\"qode_video_box\">\n\t<a itemprop=\"image\" class=\"qode_video_image\" href=\"https:\/\/drive.google.com\/file\/d\/1es732nbKKWF2RLgdTVlYoyb0Fl2zT4Yq\" data-rel=\"prettyPhoto\">\n\t\t\t<\/a>\n<\/div>[\/vc_column][\/vc_row]<\/p>\n","protected":false},"excerpt":{"rendered":"<p>[vc_row css_animation=&#8221;&#8221; row_type=&#8221;row&#8221; use_row_as_full_screen_section=&#8221;no&#8221; type=&#8221;grid&#8221; angled_section=&#8221;no&#8221; text_align=&#8221;left&#8221; background_image_as_pattern=&#8221;without_pattern&#8221; anchor=&#8221;About&#8221; background_image=&#8221;http:\/\/territorioslivres.intervozes.org.br\/wp-content\/uploads\/2021\/03\/Banners-Home.png&#8221; padding_top=&#8221;153&#8243; z_index=&#8221;&#8221; css=&#8221;.vc_custom_1616694831314{background-image: url(http:\/\/territorioslivres.intervozes.org.br\/wp-content\/uploads\/2021\/03\/BANNER-02.png?id=361) !important;background-position:&#8230;<\/p>\n","protected":false},"author":1,"featured_media":0,"parent":0,"menu_order":0,"comment_status":"closed","ping_status":"closed","template":"elementor_header_footer","meta":{"footnotes":""},"aioseo_notices":[],"_links":{"self":[{"href":"https:\/\/territorioslivres.intervozes.org.br\/index.php?rest_route=\/wp\/v2\/pages\/315"}],"collection":[{"href":"https:\/\/territorioslivres.intervozes.org.br\/index.php?rest_route=\/wp\/v2\/pages"}],"about":[{"href":"https:\/\/territorioslivres.intervozes.org.br\/index.php?rest_route=\/wp\/v2\/types\/page"}],"author":[{"embeddable":true,"href":"https:\/\/territorioslivres.intervozes.org.br\/index.php?rest_route=\/wp\/v2\/users\/1"}],"replies":[{"embeddable":true,"href":"https:\/\/territorioslivres.intervozes.org.br\/index.php?rest_route=%2Fwp%2Fv2%2Fcomments&post=315"}],"version-history":[{"count":32,"href":"https:\/\/territorioslivres.intervozes.org.br\/index.php?rest_route=\/wp\/v2\/pages\/315\/revisions"}],"predecessor-version":[{"id":512,"href":"https:\/\/territorioslivres.intervozes.org.br\/index.php?rest_route=\/wp\/v2\/pages\/315\/revisions\/512"}],"wp:attachment":[{"href":"https:\/\/territorioslivres.intervozes.org.br\/index.php?rest_route=%2Fwp%2Fv2%2Fmedia&parent=315"}],"curies":[{"name":"wp","href":"https:\/\/api.w.org\/{rel}","templated":true}]}}