{"id":330,"date":"2021-03-18T01:33:54","date_gmt":"2021-03-18T04:33:54","guid":{"rendered":"https:\/\/territorioslivres.intervozes.org.br\/?page_id=330"},"modified":"2021-07-13T13:15:58","modified_gmt":"2021-07-13T16:15:58","slug":"referencias","status":"publish","type":"page","link":"https:\/\/territorioslivres.intervozes.org.br\/?page_id=330","title":{"rendered":"Refer\u00eancias"},"content":{"rendered":"<p>[vc_row css_animation=&#8221;&#8221; row_type=&#8221;row&#8221; use_row_as_full_screen_section=&#8221;no&#8221; type=&#8221;grid&#8221; angled_section=&#8221;no&#8221; text_align=&#8221;left&#8221; background_image_as_pattern=&#8221;without_pattern&#8221; anchor=&#8221;About&#8221; background_image=&#8221;http:\/\/territorioslivres.intervozes.org.br\/wp-content\/uploads\/2021\/03\/Banners-Home.png&#8221; padding_top=&#8221;153&#8243; z_index=&#8221;&#8221; css=&#8221;.vc_custom_1620673441951{background-image: url(http:\/\/territorioslivres.intervozes.org.br\/wp-content\/uploads\/2021\/03\/BANNER-03.png?id=365) !important;background-position: center !important;background-repeat: no-repeat !important;background-size: contain !important;}&#8221;][vc_column width=&#8221;1\/4&#8243;][\/vc_column][vc_column width=&#8221;1\/2&#8243;][vc_empty_space height=&#8221;100px&#8221;][vc_column_text]<\/p>\n<h1 style=\"text-align: center;\"><span style=\"color: #ffffff;\">Refer\u00eancias<\/span><\/h1>\n<p>[\/vc_column_text][vc_empty_space height=&#8221;180px&#8221;][\/vc_column][vc_column width=&#8221;1\/4&#8243;][\/vc_column][\/vc_row][vc_row css_animation=&#8221;&#8221; row_type=&#8221;row&#8221; use_row_as_full_screen_section=&#8221;no&#8221; type=&#8221;grid&#8221; angled_section=&#8221;no&#8221; text_align=&#8221;center&#8221; background_image_as_pattern=&#8221;without_pattern&#8221; row_negative_margin=&#8221;disable_negative_margin&#8221; anchor=&#8221;Home&#8221; padding_top=&#8221;15&#8243; z_index=&#8221;&#8221; css=&#8221;.vc_custom_1626192953912{margin-right: 150px !important;margin-left: 150px !important;padding-top: 50px !important;}&#8221;][vc_column width=&#8221;1\/4&#8243;][vc_column_text]<\/p>\n<h1 style=\"text-align: left;\">Refer\u00eancias<\/h1>\n<p>[\/vc_column_text][vc_empty_space height=&#8221;120px&#8221;][\/vc_column][vc_column width=&#8221;1\/2&#8243; css=&#8221;.vc_custom_1595211048359{margin-right: 100px !important;}&#8221;][vc_column_text]<\/p>\n<p style=\"text-align: justify;\">Aqui est\u00e3o links para algumas das refer\u00eancias te\u00f3ricas que subsidiaram as discuss\u00f5es realizadas durante o projeto. S\u00e3o materiais sobre tecnologias, territ\u00f3rios tradicionais, decolonialidade, direito \u00e0 comunica\u00e7\u00e3o, pol\u00edticas de acesso \u00e0 internet e TICs, dentre outros temas.<\/p>\n<p>&nbsp;<\/p>\n<p>[\/vc_column_text][vc_column_text css=&#8221;.vc_custom_1617213644675{padding-bottom: 15px !important;}&#8221;]<\/p>\n<h6 style=\"text-align: left;\"><a href=\"https:\/\/www.marilia.unesp.br\/Home\/Graduacao\/PETBiblioteconomia\/apropriacao-de-tic-no-meio-rural-brasileiro.pdf\" target=\"_blank\" rel=\"noopener\">Apropria\u00e7\u00e3o de tecnologias de informa\u00e7\u00e3o e comunica\u00e7\u00e3o no meio rural brasileiro<\/a><\/h6>\n<h6 style=\"text-align: left;\"><\/h6>\n<p>&nbsp;<\/p>\n<h6 style=\"text-align: left;\"><a href=\"https:\/\/www.nexojornal.com.br\/ensaio\/debate\/2020\/Como-quilombolas-est%C3%A3o-atravessando-a-pandemia-no-Brasil\" target=\"_blank\" rel=\"noopener\">Como quilombolas est\u00e3o atravessando a pandemia no Brasil<\/a><\/h6>\n<h6 style=\"text-align: left;\"><\/h6>\n<p>&nbsp;<\/p>\n<h6 style=\"text-align: left;\"><a href=\"https:\/\/bit.ly\/ComunidadesDigitais\" target=\"_blank\" rel=\"noopener\">Comunidades, Algoritmos e Ativismos Digitais: olhares afrodiasp\u00f3ricos<\/a><\/h6>\n<h6 style=\"text-align: left;\"><\/h6>\n<p>&nbsp;<\/p>\n<h6 style=\"text-align: left;\"><a href=\"https:\/\/www.socioambiental.org\/pt-br\/noticias-socioambientais\/do-radio-a-internet-indigenas-e-ribeirinhos-usam-a-comunicacao-para-enfrentar-covid-19\" target=\"_blank\" rel=\"noopener\">Do r\u00e1dio \u00e0 internet, ind\u00edgenas e ribeirinhos usam a comunica\u00e7\u00e3o para enfrentar covid-19<\/a><\/h6>\n<h6 style=\"text-align: left;\"><\/h6>\n<p>&nbsp;<\/p>\n<h6 style=\"text-align: left;\"><a href=\"https:\/\/outraspalavras.net\/pos-capitalismo\/favelas-e-quilombos-insurgentes-tambem-nosmapas\/?fbclid=IwAR2mqn3i3U8b8RoqhdI8oFjmCX0ke1kBwAm0W8E_kZovLWK6UhYAqIL9YYo\" target=\"_blank\" rel=\"noopener\">Favelas e quilombos rebeldes (tamb\u00e9m nos mapas)<\/a><\/h6>\n<h6 style=\"text-align: left;\"><\/h6>\n<p>&nbsp;<\/p>\n<h6 style=\"text-align: left;\"><a href=\"https:\/\/almapreta.com\/editorias\/o-quilombo\/indigenas-negros-e-pobres-odiados-pelo-estado-e-excluidos-da-internet\" target=\"_blank\" rel=\"noopener\">Ind\u00edgenas, negros e pobres: odiados pelo Estado e exclu\u00eddos da internet<\/a><\/h6>\n<h6 style=\"text-align: left;\"><\/h6>\n<p>&nbsp;<\/p>\n<h6 style=\"text-align: left;\"><a href=\"https:\/\/www.researchgate.net\/publication\/343268567_INFLUENCIA_DO_USO_DAS_REDES_SOCIAIS_NAS_COMUNIDADES_QUILOMBOLAS_DO_ESTADO_DO_RIO_GRANDE_DO_NORTE_BRASIL\" target=\"_blank\" rel=\"noopener\">Influ\u00eancia do uso das redes sociais nas comunidades quilombolas do estado do Rio Grande do Norte<\/a><\/h6>\n<h6 style=\"text-align: left;\"><\/h6>\n<p>&nbsp;<\/p>\n<h6 style=\"text-align: left;\"><a href=\"http:\/\/portcom.intercom.org.br\/revistas\/index.php\/revistaintercom\/article\/view\/2644\/2047\" target=\"_blank\" rel=\"noopener\">Mulheres rurais e seus usos mediados das TICs: tensionamentos e perman\u00eancias nas rela\u00e7\u00f5es de g\u00eanero<\/a><\/h6>\n<h6 style=\"text-align: left;\"><\/h6>\n<p>&nbsp;<\/p>\n<h6 style=\"text-align: left;\"><a href=\"https:\/\/www.ufrb.edu.br\/gestaopublica\/images\/phocadownload\/20191_TCCdefendidos\/REISJUNIOR_Perfil_Uso_TICS_Comunid_Quilombola.pdf\" target=\"_blank\" rel=\"noopener\">Perfil de usos das TICs na comunidade quilombola de S\u00e3o Francisco do Paragua\u00e7u<\/a><\/h6>\n<h6 style=\"text-align: left;\"><\/h6>\n<p>&nbsp;<\/p>\n<h6 style=\"text-align: left;\"><a href=\"https:\/\/outraspalavras.net\/tecnologiaemdisputa\/openstreetmap-por-que-devemos-falar-sobre-mapas-publicos\/?fbclid=IwAR0TjU0aP7g_TNKfeZpVFExtah_RPuBC7L-G8vp3f6pNXac-_oQWbamPJOU\" target=\"_blank\" rel=\"noopener\">Por que devemos falar sobre mapas p\u00fablicos<\/a><\/h6>\n<h6 style=\"text-align: left;\"><\/h6>\n<p>&nbsp;<\/p>\n<h6 style=\"text-align: left;\"><a href=\"https:\/\/www.portal.anpocs.org\/index.php\/papers-39-encontro\/gt\/gt04\/9466-quilombolas-do-para-uso-de-redes-sociais-on-line-e-praticas-politicas-nas-lutas-por-reconhecimento\/file\" target=\"_blank\" rel=\"noopener\">Quilombolas do Par\u00e1: uso de redes sociais online e pr\u00e1ticas pol\u00edticas nas lutas por reconhecimento<\/a><\/h6>\n<h6 style=\"text-align: left;\"><\/h6>\n<p>&nbsp;<\/p>\n<h6 style=\"text-align: left;\"><a href=\"http:\/\/www.bvconsueloponde.ba.gov.br\/modules\/conteudo\/conteudo.php?conteudo=155#:~:text=Experi%C3%AAncias%20e%20impress%C3%B5es%20de%20quilombolas%20sobre%20o%20uso%20da%20internet&amp;text=Dentre%20as%20principais%20respostas%20obtidas,sociais%20de%20um%20modo%20geral.\" target=\"_blank\" rel=\"noopener\">Quilombos conectados: o uso da internet e das redes sociais no quilombo Rio das R\u00e3s<\/a><\/h6>\n<h6 style=\"text-align: left;\"><\/h6>\n<p>&nbsp;<\/p>\n<h6 style=\"text-align: left;\"><\/h6>\n<h6 style=\"text-align: left;\"><a href=\"https:\/\/sistemas.uft.edu.br\/periodicos\/index.php\/interface\/article\/view\/358\" target=\"_blank\" rel=\"noopener\">Tecnologias Digitais de Informa\u00e7\u00e3o e Comunica\u00e7\u00e3o na comunidade quilombola Lagoa da Pedra, Arraias-TO<\/a><\/h6>\n<h6 style=\"text-align: left;\"><\/h6>\n<p>&nbsp;<\/p>\n<h6 style=\"text-align: left;\"><a href=\"https:\/\/www.marialab.org\/wp-content\/uploads\/2021\/03\/Cartilha-de-redes-comunitarias-FINAL.pdf\">Enredando territ\u00f3rios de cuidado: Guia para aprendizado e constru\u00e7\u00e3o de redes comunit\u00e1rias<\/a><\/h6>\n<p>&nbsp;<\/p>\n<p>&nbsp;<\/p>\n<p>[\/vc_column_text][\/vc_column][vc_column width=&#8221;1\/4&#8243;][\/vc_column][\/vc_row][vc_row css_animation=&#8221;&#8221; row_type=&#8221;row&#8221; use_row_as_full_screen_section=&#8221;no&#8221; type=&#8221;grid&#8221; in_content_menu=&#8221;in_content_menu&#8221; content_menu_icon=&#8221;&#8221; angled_section=&#8221;no&#8221; text_align=&#8221;left&#8221; background_image_as_pattern=&#8221;without_pattern&#8221; row_negative_margin=&#8221;disable_negative_margin&#8221; z_index=&#8221;&#8221; css=&#8221;.vc_custom_1595134479527{padding-right: 180px !important;padding-bottom: 20px !important;padding-left: 100px !important;}&#8221; content_menu_title=&#8221;Linha1&#8243;][vc_column css=&#8221;.vc_custom_1594627303930{margin-top: -6% !important;}&#8221;][vc_empty_space][vc_empty_space][\/vc_column][\/vc_row][vc_row css_animation=&#8221;&#8221; row_type=&#8221;row&#8221; use_row_as_full_screen_section=&#8221;no&#8221; type=&#8221;full_width&#8221; angled_section=&#8221;no&#8221; text_align=&#8221;left&#8221; background_image_as_pattern=&#8221;without_pattern&#8221;][vc_column][vc_empty_space height=&#8221;50px&#8221;][vc_empty_space height=&#8221;50px&#8221;][\/vc_column][\/vc_row]<\/p>\n","protected":false},"excerpt":{"rendered":"<p>[vc_row css_animation=&#8221;&#8221; row_type=&#8221;row&#8221; use_row_as_full_screen_section=&#8221;no&#8221; type=&#8221;grid&#8221; angled_section=&#8221;no&#8221; text_align=&#8221;left&#8221; background_image_as_pattern=&#8221;without_pattern&#8221; anchor=&#8221;About&#8221; background_image=&#8221;http:\/\/territorioslivres.intervozes.org.br\/wp-content\/uploads\/2021\/03\/Banners-Home.png&#8221; padding_top=&#8221;153&#8243; z_index=&#8221;&#8221; css=&#8221;.vc_custom_1620673441951{background-image: url(http:\/\/territorioslivres.intervozes.org.br\/wp-content\/uploads\/2021\/03\/BANNER-03.png?id=365) !important;background-position:&#8230;<\/p>\n","protected":false},"author":1,"featured_media":0,"parent":0,"menu_order":0,"comment_status":"closed","ping_status":"closed","template":"elementor_header_footer","meta":{"footnotes":""},"aioseo_notices":[],"_links":{"self":[{"href":"https:\/\/territorioslivres.intervozes.org.br\/index.php?rest_route=\/wp\/v2\/pages\/330"}],"collection":[{"href":"https:\/\/territorioslivres.intervozes.org.br\/index.php?rest_route=\/wp\/v2\/pages"}],"about":[{"href":"https:\/\/territorioslivres.intervozes.org.br\/index.php?rest_route=\/wp\/v2\/types\/page"}],"author":[{"embeddable":true,"href":"https:\/\/territorioslivres.intervozes.org.br\/index.php?rest_route=\/wp\/v2\/users\/1"}],"replies":[{"embeddable":true,"href":"https:\/\/territorioslivres.intervozes.org.br\/index.php?rest_route=%2Fwp%2Fv2%2Fcomments&post=330"}],"version-history":[{"count":19,"href":"https:\/\/territorioslivres.intervozes.org.br\/index.php?rest_route=\/wp\/v2\/pages\/330\/revisions"}],"predecessor-version":[{"id":460,"href":"https:\/\/territorioslivres.intervozes.org.br\/index.php?rest_route=\/wp\/v2\/pages\/330\/revisions\/460"}],"wp:attachment":[{"href":"https:\/\/territorioslivres.intervozes.org.br\/index.php?rest_route=%2Fwp%2Fv2%2Fmedia&parent=330"}],"curies":[{"name":"wp","href":"https:\/\/api.w.org\/{rel}","templated":true}]}}

Referências

<p>[vc_row css_animation=&#8221;&#8221; row_type=&#8221;row&#8221; use_row_as_full_screen_section=&#8221;no&#8221; type=&#8221;grid&#8221; angled_section=&#8221;no&#8221; text_align=&#8221;left&#8221; background_image_as_pattern=&#8221;without_pattern&#8221; anchor=&#8221;About&#8221; background_image=&#8221;http://territorioslivres.intervozes.org.br/wp-content/uploads/2021/03/Banners-Home.png&#8221; padding_top=&#8221;153&#8243; z_index=&#8221;&#8221; css=&#8221;.vc_custom_1620673441951{background-image: url(http://territorioslivres.intervozes.org.br/wp-content/uploads/2021/03/BANNER-03.png?id=365) !important;background-position: center !important;background-repeat: no-repeat !important;background-size: contain !important;}&#8221;][vc_column width=&#8221;1/4&#8243;][/vc_column][vc_column width=&#8221;1/2&#8243;][vc_empty_space height=&#8221;100px&#8221;][vc_column_text]</p>
<h1 style="text-align: center;"><span style="color: #ffffff;">Referências</span></h1>
<p>[/vc_column_text][vc_empty_space height=&#8221;180px&#8221;][/vc_column][vc_column width=&#8221;1/4&#8243;][/vc_column][/vc_row][vc_row css_animation=&#8221;&#8221; row_type=&#8221;row&#8221; use_row_as_full_screen_section=&#8221;no&#8221; type=&#8221;grid&#8221; angled_section=&#8221;no&#8221; text_align=&#8221;center&#8221; background_image_as_pattern=&#8221;without_pattern&#8221; row_negative_margin=&#8221;disable_negative_margin&#8221; anchor=&#8221;Home&#8221; padding_top=&#8221;15&#8243; z_index=&#8221;&#8221; css=&#8221;.vc_custom_1626192953912{margin-right: 150px !important;margin-left: 150px !important;padding-top: 50px !important;}&#8221;][vc_column width=&#8221;1/4&#8243;][vc_column_text]</p>
<h1 style="text-align: left;">Referências</h1>
<p>[/vc_column_text][vc_empty_space height=&#8221;120px&#8221;][/vc_column][vc_column width=&#8221;1/2&#8243; css=&#8221;.vc_custom_1595211048359{margin-right: 100px !important;}&#8221;][vc_column_text]</p>
<p style="text-align: justify;">Aqui estão links para algumas das referências teóricas que subsidiaram as discussões realizadas durante o projeto. São materiais sobre tecnologias, territórios tradicionais, decolonialidade, direito à comunicação, políticas de acesso à internet e TICs, dentre outros temas.</p>
<p>&nbsp;</p>
<p>[/vc_column_text][vc_column_text css=&#8221;.vc_custom_1617213644675{padding-bottom: 15px !important;}&#8221;]</p>
<h6 style="text-align: left;"><a href="https://www.marilia.unesp.br/Home/Graduacao/PETBiblioteconomia/apropriacao-de-tic-no-meio-rural-brasileiro.pdf" target="_blank" rel="noopener">Apropriação de tecnologias de informação e comunicação no meio rural brasileiro</a></h6>
<h6 style="text-align: left;"></h6>
<p>&nbsp;</p>
<h6 style="text-align: left;"><a href="https://www.nexojornal.com.br/ensaio/debate/2020/Como-quilombolas-est%C3%A3o-atravessando-a-pandemia-no-Brasil" target="_blank" rel="noopener">Como quilombolas estão atravessando a pandemia no Brasil</a></h6>
<h6 style="text-align: left;"></h6>
<p>&nbsp;</p>
<h6 style="text-align: left;"><a href="https://bit.ly/ComunidadesDigitais" target="_blank" rel="noopener">Comunidades, Algoritmos e Ativismos Digitais: olhares afrodiaspóricos</a></h6>
<h6 style="text-align: left;"></h6>
<p>&nbsp;</p>
<h6 style="text-align: left;"><a href="https://www.socioambiental.org/pt-br/noticias-socioambientais/do-radio-a-internet-indigenas-e-ribeirinhos-usam-a-comunicacao-para-enfrentar-covid-19" target="_blank" rel="noopener">Do rádio à internet, indígenas e ribeirinhos usam a comunicação para enfrentar covid-19</a></h6>
<h6 style="text-align: left;"></h6>
<p>&nbsp;</p>
<h6 style="text-align: left;"><a href="https://outraspalavras.net/pos-capitalismo/favelas-e-quilombos-insurgentes-tambem-nosmapas/?fbclid=IwAR2mqn3i3U8b8RoqhdI8oFjmCX0ke1kBwAm0W8E_kZovLWK6UhYAqIL9YYo" target="_blank" rel="noopener">Favelas e quilombos rebeldes (também nos mapas)</a></h6>
<h6 style="text-align: left;"></h6>
<p>&nbsp;</p>
<h6 style="text-align: left;"><a href="https://almapreta.com/editorias/o-quilombo/indigenas-negros-e-pobres-odiados-pelo-estado-e-excluidos-da-internet" target="_blank" rel="noopener">Indígenas, negros e pobres: odiados pelo Estado e excluídos da internet</a></h6>
<h6 style="text-align: left;"></h6>
<p>&nbsp;</p>
<h6 style="text-align: left;"><a href="https://www.researchgate.net/publication/343268567_INFLUENCIA_DO_USO_DAS_REDES_SOCIAIS_NAS_COMUNIDADES_QUILOMBOLAS_DO_ESTADO_DO_RIO_GRANDE_DO_NORTE_BRASIL" target="_blank" rel="noopener">Influência do uso das redes sociais nas comunidades quilombolas do estado do Rio Grande do Norte</a></h6>
<h6 style="text-align: left;"></h6>
<p>&nbsp;</p>
<h6 style="text-align: left;"><a href="http://portcom.intercom.org.br/revistas/index.php/revistaintercom/article/view/2644/2047" target="_blank" rel="noopener">Mulheres rurais e seus usos mediados das TICs: tensionamentos e permanências nas relações de gênero</a></h6>
<h6 style="text-align: left;"></h6>
<p>&nbsp;</p>
<h6 style="text-align: left;"><a href="https://www.ufrb.edu.br/gestaopublica/images/phocadownload/20191_TCCdefendidos/REISJUNIOR_Perfil_Uso_TICS_Comunid_Quilombola.pdf" target="_blank" rel="noopener">Perfil de usos das TICs na comunidade quilombola de São Francisco do Paraguaçu</a></h6>
<h6 style="text-align: left;"></h6>
<p>&nbsp;</p>
<h6 style="text-align: left;"><a href="https://outraspalavras.net/tecnologiaemdisputa/openstreetmap-por-que-devemos-falar-sobre-mapas-publicos/?fbclid=IwAR0TjU0aP7g_TNKfeZpVFExtah_RPuBC7L-G8vp3f6pNXac-_oQWbamPJOU" target="_blank" rel="noopener">Por que devemos falar sobre mapas públicos</a></h6>
<h6 style="text-align: left;"></h6>
<p>&nbsp;</p>
<h6 style="text-align: left;"><a href="https://www.portal.anpocs.org/index.php/papers-39-encontro/gt/gt04/9466-quilombolas-do-para-uso-de-redes-sociais-on-line-e-praticas-politicas-nas-lutas-por-reconhecimento/file" target="_blank" rel="noopener">Quilombolas do Pará: uso de redes sociais online e práticas políticas nas lutas por reconhecimento</a></h6>
<h6 style="text-align: left;"></h6>
<p>&nbsp;</p>
<h6 style="text-align: left;"><a href="http://www.bvconsueloponde.ba.gov.br/modules/conteudo/conteudo.php?conteudo=155#:~:text=Experi%C3%AAncias%20e%20impress%C3%B5es%20de%20quilombolas%20sobre%20o%20uso%20da%20internet&amp;text=Dentre%20as%20principais%20respostas%20obtidas,sociais%20de%20um%20modo%20geral." target="_blank" rel="noopener">Quilombos conectados: o uso da internet e das redes sociais no quilombo Rio das Rãs</a></h6>
<h6 style="text-align: left;"></h6>
<p>&nbsp;</p>
<h6 style="text-align: left;"></h6>
<h6 style="text-align: left;"><a href="https://sistemas.uft.edu.br/periodicos/index.php/interface/article/view/358" target="_blank" rel="noopener">Tecnologias Digitais de Informação e Comunicação na comunidade quilombola Lagoa da Pedra, Arraias-TO</a></h6>
<h6 style="text-align: left;"></h6>
<p>&nbsp;</p>
<h6 style="text-align: left;"><a href="https://www.marialab.org/wp-content/uploads/2021/03/Cartilha-de-redes-comunitarias-FINAL.pdf">Enredando territórios de cuidado: Guia para aprendizado e construção de redes comunitárias</a></h6>
<p>&nbsp;</p>
<p>&nbsp;</p>
<p>[/vc_column_text][/vc_column][vc_column width=&#8221;1/4&#8243;][/vc_column][/vc_row][vc_row css_animation=&#8221;&#8221; row_type=&#8221;row&#8221; use_row_as_full_screen_section=&#8221;no&#8221; type=&#8221;grid&#8221; in_content_menu=&#8221;in_content_menu&#8221; content_menu_icon=&#8221;&#8221; angled_section=&#8221;no&#8221; text_align=&#8221;left&#8221; background_image_as_pattern=&#8221;without_pattern&#8221; row_negative_margin=&#8221;disable_negative_margin&#8221; z_index=&#8221;&#8221; css=&#8221;.vc_custom_1595134479527{padding-right: 180px !important;padding-bottom: 20px !important;padding-left: 100px !important;}&#8221; content_menu_title=&#8221;Linha1&#8243;][vc_column css=&#8221;.vc_custom_1594627303930{margin-top: -6% !important;}&#8221;][vc_empty_space][vc_empty_space][/vc_column][/vc_row][vc_row css_animation=&#8221;&#8221; row_type=&#8221;row&#8221; use_row_as_full_screen_section=&#8221;no&#8221; type=&#8221;full_width&#8221; angled_section=&#8221;no&#8221; text_align=&#8221;left&#8221; background_image_as_pattern=&#8221;without_pattern&#8221;][vc_column][vc_empty_space height=&#8221;50px&#8221;][vc_empty_space height=&#8221;50px&#8221;][/vc_column][/vc_row]</p>
